{"id":6,"date":"2019-03-16T13:17:53","date_gmt":"2019-03-16T13:17:53","guid":{"rendered":"http:\/\/pimp-your-world.de\/?page_id=6"},"modified":"2024-05-06T13:44:56","modified_gmt":"2024-05-06T13:44:56","slug":"agb","status":"publish","type":"page","link":"https:\/\/pimp-your-world.de\/?page_id=6","title":{"rendered":"AGB"},"content":{"rendered":"\n<h2 class=\"wp-block-heading\">Allgemeine Gesch\u00e4ftsbedingungen<\/h2>\n\n\n\n<h2 class=\"wp-block-heading\">Inhaltsverzeichnis<\/h2>\n\n\n\n<h2 class=\"wp-block-heading\">A. Allgemeine Gesch\u00e4ftsbedingungen mit Kundeninformationen<\/h2>\n\n\n\n<ol>\n<li>Geltungsbereich<\/li>\n\n\n\n<li>Vertragsschluss<\/li>\n\n\n\n<li>Widerrufsrecht<\/li>\n\n\n\n<li>Preise und Zahlungsbedingungen<\/li>\n\n\n\n<li>Liefer- und Versandbedingungen<\/li>\n\n\n\n<li>Eigentumsvorbehalt<\/li>\n\n\n\n<li>M\u00e4ngelhaftung (Gew\u00e4hrleistung)<\/li>\n\n\n\n<li>Anwendbares Recht<\/li>\n\n\n\n<li>Verhaltenskodex<\/li>\n\n\n\n<li>Alternative Streitbeilegung<\/li>\n<\/ol>\n\n\n\n<h2 class=\"wp-block-heading\">A. Allgemeine Gesch\u00e4ftsbedingungen mit Kundeninformationen<\/h2>\n\n\n\n<p>1) Geltungsbereich<br>1.1 Diese Allgemeinen Gesch\u00e4ftsbedingungen (nachfolgend &#8222;AGB&#8220;) der Marion Sch\u00f6nhaar, handelnd unter &#8222;Pimp your World&#8220; (nachfolgend &#8222;Verk\u00e4ufer&#8220;), gelten f\u00fcr alle Vertr\u00e4ge, die ein Verbraucher oder Unternehmer (nachfolgend \u201eKunde\u201c) mit dem Verk\u00e4ufer hinsichtlich der vom Verk\u00e4ufer auf der Internet-Handelsplattform www.kasuwa.de (nachfolgend \u201eKasuwa\u201c) dargestellten Waren abschlie\u00dft. Hiermit wird der Einbeziehung von eigenen Bedingungen des Kunden widersprochen, es sei denn, es ist etwas anderes vereinbart.<br>1.2 Verbraucher im Sinne dieser AGB ist jede nat\u00fcrliche Person, die ein Rechtsgesch\u00e4ft zu Zwecken abschlie\u00dft, die \u00fcberwiegend weder ihrer gewerblichen noch ihrer selbst\u00e4ndigen beruflichen T\u00e4tigkeit zugerechnet werden k\u00f6nnen. Unternehmer im Sinne dieser AGB ist eine nat\u00fcrliche oder juristische Person oder eine rechtsf\u00e4hige Personengesellschaft, die bei Abschluss eines Rechtsgesch\u00e4fts in Aus\u00fcbung ihrer gewerblichen oder selbst\u00e4ndigen beruflichen T\u00e4tigkeit handelt.<\/p>\n\n\n\n<p>2) Vertragsschluss<br>2.1 Durch das Einstellen eines Artikels bei Kasuwa gibt der Verk\u00e4ufer ein verbindliches Angebot zum Abschluss eines Vertrages \u00fcber diesen Artikel ab. Der Vertrag kommt zustande, indem der Kunde die einzelnen Schritte des Bestellvorganges durchl\u00e4uft und diesen anschlie\u00dfend mittels Bet\u00e4tigung des Buttons: \u201eKostenpflichtig bestellen\u201c abschlie\u00dft.<br>2.2 Der Kunde muss f\u00fcr die Abgabe seiner Vertragserkl\u00e4rung bei Kasuwa folgende technische Schritte durchlaufen:<br>Auf der Angebotsseite des Verk\u00e4ufers klickt der Kunde zun\u00e4chst auf den Button &#8222;In den Warenkorb&#8220; und durchl\u00e4uft dann die weiteren jeweils von Kasuwa vorgegebenen Schritte. Dabei kann der Kunde w\u00e4hlen, ob er sich f\u00fcr die Bestellung in sein bereits vorhandenes Mitgliedskonto einloggt, ob er f\u00fcr die Bestellung ein neues Mitgliedskonto anlegt oder ob er die Bestellung ohne Anmeldung als &#8222;Gast&#8220; ausf\u00fchrt. Abschlie\u00dfend klickt der Kunde auf den Button &#8222;Kostenpflichtig bestellen&#8220;.<br>Erfolgt die Bestellung als \u201eGast\u201c, also nicht \u00fcber ein Mitgliedskonto bei Kasuwa, muss der Kunde seine Bestellung nach Durchf\u00fchrung der vorgenannten Schritte zus\u00e4tzlich durch Anklicken eines Links best\u00e4tigen, der ihm im Anschluss an seine Bestellung vom Betreiber von Kasuwa per E-Mail an die von ihm angegebene E-Mail-Adresse \u00fcbermittelt wird.<br>2.3 Der Vertragstext wird vom Verk\u00e4ufer gespeichert und dem Kunden nach Vertragsschluss nebst den vorliegenden AGB und Kundeninformationen in Textform (z. B. E-Mail, Fax oder Brief) zugeschickt. Eine dar\u00fcber hinaus gehende Zug\u00e4nglichmachung des Vertragstextes durch den Verk\u00e4ufer selbst findet nicht statt.<br>2.4 Vor verbindlicher Abgabe der Bestellung kann der Kunde m\u00f6gliche Eingabefehler durch aufmerksames Lesen der auf dem Bildschirm dargestellten Informationen erkennen. Ein wirksames technisches Mittel zur besseren Erkennung von Eingabefehlern kann dabei die Vergr\u00f6\u00dferungsfunktion des Browsers sein, mit deren Hilfe die Darstellung auf dem Bildschirm vergr\u00f6\u00dfert wird. Seine Eingaben kann der Kunde im Rahmen des elektronischen Bestellprozesses so lange \u00fcber die \u00fcblichen Tastatur- und Mausfunktionen korrigieren, bis er den den Bestellvorgang abschlie\u00dfenden Button anklickt.<br>2.5 F\u00fcr den Vertragsschluss steht ausschlie\u00dflich die deutsche Sprache zur Verf\u00fcgung.<br>2.6 Die Bestellabwicklung und Kontaktaufnahme finden per E-Mail und automatisierter Bestellabwicklung statt. Der Kunde hat sicherzustellen, dass die von ihm zur Bestellabwicklung angegebene E-Mail-Adresse zutreffend ist, so dass unter dieser Adresse die vom Verk\u00e4ufer versandten E-Mails empfangen werden k\u00f6nnen. Insbesondere hat der Kunde bei dem Einsatz von SPAM-Filtern sicherzustellen, dass alle vom Verk\u00e4ufer oder von diesem mit der Bestellabwicklung beauftragten Dritten versandten Mails zugestellt werden k\u00f6nnen.<\/p>\n\n\n\n<p>3) Widerrufsrecht<br>3.1 Verbrauchern steht grunds\u00e4tzlich ein Widerrufsrecht zu.<br>3.2 N\u00e4here Informationen zum Widerrufsrecht ergeben sich aus der Widerrufsbelehrung des Verk\u00e4ufers.<\/p>\n\n\n\n<p>4) Preise und Zahlungsbedingungen<br>4.1 Die vom Verk\u00e4ufer angegebenen Preise sind Gesamtpreise. Umsatzsteuer wird nicht ausgewiesen, da der Verk\u00e4ufer Kleinunternehmer im Sinne des UStG ist. Gegebenenfalls zus\u00e4tzlich anfallende Liefer- und Versandkosten werden in der jeweiligen Produktbeschreibung gesondert angegeben.<br>4.2 Die Zahlungsm\u00f6glichkeit\/en werden dem Kunden in der Produktbeschreibung des Verk\u00e4ufers mitgeteilt.<br>4.3 Ist Vorauskasse per Bank\u00fcberweisung vereinbart, ist die Zahlung sofort nach Vertragsabschluss f\u00e4llig, sofern die Parteien nichts anderes vereinbart haben.<br>4.4 Bei Zahlung mittels einer von PayPal angebotenen Zahlungsart erfolgt die Zahlungsabwicklung \u00fcber den Zahlungsdienstleister PayPal (Europe) S.\u00e0 r.l. et Cie, S.C.A., 22-24 Boulevard Royal, L-2449 Luxembourg (im Folgenden: \u201ePayPal\u201c), unter Geltung der jeweils einschl\u00e4gigen Nutzungsbedingungen von PayPal.<\/p>\n\n\n\n<p>5) Liefer- und Versandbedingungen<br>5.1 Die Lieferung von Waren erfolgt auf dem Versandweg an die vom Kunden angegebene Lieferanschrift, sofern nichts anderes vereinbart ist. Bei der Abwicklung der Transaktion ist die in der Bestellabwicklung bei Kasuwa angegebene Lieferanschrift ma\u00dfgeblich. .<br>5.2 Scheitert die Zustellung der Ware aus Gr\u00fcnden, die der Kunde zu vertreten hat, tr\u00e4gt der Kunde die dem Verk\u00e4ufer hierdurch entstehenden angemessenen Kosten. Dies gilt im Hinblick auf die Kosten f\u00fcr die Hinsendung nicht, wenn der Kunde sein Widerrufsrecht wirksam aus\u00fcbt. F\u00fcr die R\u00fccksendekosten gilt bei wirksamer Aus\u00fcbung des Widerrufsrechts durch den Kunden die in der Widerrufsbelehrung des Verk\u00e4ufers hierzu getroffene Regelung.<br>5.3 Selbstabholung ist aus logistischen Gr\u00fcnden nicht m\u00f6glich.<\/p>\n\n\n\n<p>6) Eigentumsvorbehalt<br>Tritt der Verk\u00e4ufer in Vorleistung, beh\u00e4lt er sich bis zur vollst\u00e4ndigen Bezahlung des geschuldeten Kaufpreises das Eigentum an der gelieferten Ware vor.<\/p>\n\n\n\n<p>7) M\u00e4ngelhaftung (Gew\u00e4hrleistung)<br>7.1 Soweit sich aus den nachfolgenden Regelungen nichts anderes ergibt, gelten die Vorschriften der gesetzlichen M\u00e4ngelhaftung. Hiervon abweichend gilt bei Vertr\u00e4gen zur Lieferung von Waren:<br>7.2 Handelt der Kunde als Unternehmer,<\/p>\n\n\n\n<ul>\n<li>hat der Verk\u00e4ufer die Wahl der Art der Nacherf\u00fcllung;<\/li>\n\n\n\n<li>betr\u00e4gt bei neuen Waren die Verj\u00e4hrungsfrist f\u00fcr M\u00e4ngel ein Jahr ab Ablieferung der Ware;<\/li>\n\n\n\n<li>sind bei gebrauchten Waren die Rechte und Anspr\u00fcche wegen M\u00e4ngeln ausgeschlossen;<\/li>\n\n\n\n<li>beginnt die Verj\u00e4hrung nicht erneut, wenn im Rahmen der M\u00e4ngelhaftung eine Ersatzlieferung erfolgt.<br>7.3 Die vorstehend geregelten Haftungsbeschr\u00e4nkungen und Fristverk\u00fcrzungen gelten nicht<\/li>\n\n\n\n<li>f\u00fcr Schadensersatz- und Aufwendungsersatzanspr\u00fcche des Kunden,<\/li>\n\n\n\n<li>f\u00fcr den Fall, dass der Verk\u00e4ufer den Mangel arglistig verschwiegen hat,<\/li>\n\n\n\n<li>f\u00fcr Waren, die entsprechend ihrer \u00fcblichen Verwendungsweise f\u00fcr ein Bauwerk verwendet worden sind und dessen Mangelhaftigkeit verursacht haben,<\/li>\n\n\n\n<li>f\u00fcr eine ggf. bestehende Verpflichtung des Verk\u00e4ufers zur Bereitstellung von Aktualisierungen f\u00fcr digitale Produkte, bei Vertr\u00e4gen zur Lieferung von Waren mit digitalen Elementen.<br>7.4 Dar\u00fcber hinaus gilt f\u00fcr Unternehmer, dass die gesetzlichen Verj\u00e4hrungsfristen f\u00fcr einen ggf. bestehenden gesetzlichen R\u00fcckgriffsanspruch unber\u00fchrt bleiben.<br>7.5 Handelt der Kunde als Kaufmann i.S.d. \u00a7 1 HGB, trifft ihn die kaufm\u00e4nnische Untersuchungs- und R\u00fcgepflicht gem\u00e4\u00df \u00a7 377 HGB. Unterl\u00e4sst der Kunde die dort geregelten Anzeigepflichten, gilt die Ware als genehmigt.<br>7.6 Handelt der Kunde als Verbraucher, so wird er gebeten, angelieferte Waren mit offensichtlichen Transportsch\u00e4den bei dem Zusteller zu reklamieren und den Verk\u00e4ufer hiervon in Kenntnis zu setzen. Kommt der Kunde dem nicht nach, hat dies keinerlei Auswirkungen auf seine gesetzlichen oder vertraglichen M\u00e4ngelanspr\u00fcche.<\/li>\n<\/ul>\n\n\n\n<p>8) Anwendbares Recht<br>8.1 F\u00fcr s\u00e4mtliche Rechtsbeziehungen der Parteien gilt das Recht der Bundesrepublik Deutschland unter Ausschluss der Gesetze \u00fcber den internationalen Kauf beweglicher Waren. Bei Verbrauchern gilt diese Rechtswahl nur insoweit, als nicht der gew\u00e4hrte Schutz durch zwingende Bestimmungen des Rechts des Staates, in dem der Verbraucher seinen gew\u00f6hnlichen Aufenthalt hat, entzogen wird.<br>8.2 Ferner gilt diese Rechtswahl im Hinblick auf das gesetzliche Widerrufsrecht nicht bei Verbrauchern, die zum Zeitpunkt des Vertragsschlusses keinem Mitgliedstaat der Europ\u00e4ischen Union angeh\u00f6ren und deren alleiniger Wohnsitz und Lieferadresse zum Zeitpunkt des Vertragsschlusses au\u00dferhalb der Europ\u00e4ischen Union liegen.<\/p>\n\n\n\n<p>9) Alternative Streitbeilegung<br>9.1 Die EU-Kommission stellt im Internet unter folgendem Link eine Plattform zur Online-Streitbeilegung bereit: https:\/\/ec.europa.eu\/consumers\/odr<br>Diese Plattform dient als Anlaufstelle zur au\u00dfergerichtlichen Beilegung von Streitigkeiten aus Online-Kauf- oder Dienstleistungsvertr\u00e4gen, an denen ein Verbraucher beteiligt ist.<br>9.2 Der Verk\u00e4ufer ist zur Teilnahme an einem Streitbeilegungsverfahren vor einer Verbraucherschlichtungsstelle weder verpflichtet noch bereit.<\/p>\n","protected":false},"excerpt":{"rendered":"<p>Allgemeine Gesch\u00e4ftsbedingungen Inhaltsverzeichnis A. Allgemeine Gesch\u00e4ftsbedingungen mit Kundeninformationen A. Allgemeine Gesch\u00e4ftsbedingungen mit Kundeninformationen 1) Geltungsbereich1.1 Diese Allgemeinen Gesch\u00e4ftsbedingungen (nachfolgend &#8222;AGB&#8220;) der Marion Sch\u00f6nhaar, handelnd unter &#8222;Pimp your World&#8220; (nachfolgend &#8222;Verk\u00e4ufer&#8220;), gelten f\u00fcr alle Vertr\u00e4ge, die&hellip; <a href=\"https:\/\/pimp-your-world.de\/?page_id=6\">Mehr<\/a><\/p>\n","protected":false},"author":1,"featured_media":0,"parent":0,"menu_order":0,"comment_status":"closed","ping_status":"closed","template":"","meta":{"footnotes":""},"_links":{"self":[{"href":"https:\/\/pimp-your-world.de\/index.php?rest_route=\/wp\/v2\/pages\/6"}],"collection":[{"href":"https:\/\/pimp-your-world.de\/index.php?rest_route=\/wp\/v2\/pages"}],"about":[{"href":"https:\/\/pimp-your-world.de\/index.php?rest_route=\/wp\/v2\/types\/page"}],"author":[{"embeddable":true,"href":"https:\/\/pimp-your-world.de\/index.php?rest_route=\/wp\/v2\/users\/1"}],"replies":[{"embeddable":true,"href":"https:\/\/pimp-your-world.de\/index.php?rest_route=%2Fwp%2Fv2%2Fcomments&post=6"}],"version-history":[{"count":8,"href":"https:\/\/pimp-your-world.de\/index.php?rest_route=\/wp\/v2\/pages\/6\/revisions"}],"predecessor-version":[{"id":675,"href":"https:\/\/pimp-your-world.de\/index.php?rest_route=\/wp\/v2\/pages\/6\/revisions\/675"}],"wp:attachment":[{"href":"https:\/\/pimp-your-world.de\/index.php?rest_route=%2Fwp%2Fv2%2Fmedia&parent=6"}],"curies":[{"name":"wp","href":"https:\/\/api.w.org\/{rel}","templated":true}]}}